{"id":31997,"date":"2024-02-05T10:34:54","date_gmt":"2024-02-05T09:34:54","guid":{"rendered":"https:\/\/www.soleum.de\/?post_type=product&#038;p=31997"},"modified":"2024-09-20T09:40:01","modified_gmt":"2024-09-20T07:40:01","slug":"haloterapiahome-inalatore-di-sale-secco-kopie","status":"publish","type":"product","link":"https:\/\/www.soleum.de\/it\/shop\/inalazione-di-sale-secco-per-haloterapia\/haloterapiahome-inalatore-di-sale-secco-kopie\/","title":{"rendered":"Generatore alogeno TS-MINI"},"content":{"rendered":"<p>Il nostro negozio vi offre una selezione innovativa di alogenatori progettati per aiutarvi a creare un ambiente rilassante e sano a casa o nella vostra spa. Un alogeneratore produce particelle finissime di SALE naturale che, disperse nell&#8217;aria, creano un&#8217;atmosfera salina benefica per la salute e il benessere.<\/p>\n<h1>Alogenatore TS-MINI (sale piccole)<\/h1>\n<p> La consegna comprende: generatore di aerosol a sale secco, sistema di pulizia, cavo di alimentazione, deflettore, tubo di prolunga, chiave di sistema, chiave di ricambio e software.<\/p>\n<p>Questo dispositivo \u00e8 utilizzato nelle nostre cabine climatiche marine \/ cabine di haloterapia.<\/p>\n<h2>Touchscreen e smartphone per le impostazioni dei parametri<\/h2>\n<p>\u00c8 possibile effettuare le seguenti impostazioni: Consumo e dosaggio di sale, volume d&#8217;aria, ora di inizio e durata della terapia inalatoria.<br \/>  Lo schermo \u00e8 retroilluminato e quindi facile da leggere anche al buio.<\/p>\n<h3>Dati tecnici dell&#8217;alogeneratore TS-MINI<\/h3>\n<p>Piccoli locali salati: l&#8217;apparecchio \u00e8 progettato per il funzionamento continuo con aria secca in piccoli locali<\/p>\n<p>Capacit\u00e0 del contenitore del sale: max. <\/p>\n<p> 35g Basso consumo energetico: 18W (tensione di funzionamento 100-240VAC, 50-60Hz) Doppia modalit\u00e0 di funzionamento: touchscreen e telecomando Consumo di sale: 0-100g\/h (regolabile) Dimensioni e peso: 225 x 395 x 218 mm; 8kg Durata dell&#8217;haloterapia: 10-99 min (regolabile con incrementi di 1 minuto) Memoria: 9 programmi (durata dell&#8217;inalazione e dosaggio del sale) Materiale: acciaio inox e plastica<\/p>\n\t<div class=\"box has-hover   has-hover box-text-bottom\" >\n\n\t\t<div class=\"box-image\" style=\"width:50%;\">\n\t\t\t\t\t\t<div class=\"\" >\n\t\t\t\t<img loading=\"lazy\" decoding=\"async\" width=\"524\" height=\"559\" src=\"https:\/\/www.soleum.de\/wp-content\/uploads\/2024\/02\/Halogenerator-SOLEUM-TS-MINI-1-web.jpg\" class=\"attachment- size-\" alt=\"Alogenatore-SOLEUM-TS-MINI\" srcset=\"https:\/\/www.soleum.de\/wp-content\/uploads\/2024\/02\/Halogenerator-SOLEUM-TS-MINI-1-web.jpg 524w, https:\/\/www.soleum.de\/wp-content\/uploads\/2024\/02\/Halogenerator-SOLEUM-TS-MINI-1-web-375x400.jpg 375w, https:\/\/www.soleum.de\/wp-content\/uploads\/2024\/02\/Halogenerator-SOLEUM-TS-MINI-1-web-510x544.jpg 510w\" sizes=\"auto, (max-width: 524px) 100vw, 524px\" \/>\t\t\t\t\t\t\t\t\t\t\t<\/div>\n\t\t\t\t\t<\/div>\n\n\t\t<div class=\"box-text text-center\" >\n\t\t\t<div class=\"box-text-inner\">\n\t\t\t\t\n<h4>Parte posteriore del generatore alogeno \/ generatore di sale secco<\/h4>\n<p>Un tubo del diametro di 80 mm si trova nella zona posteriore dell&#8217;alogeneratore. \u00c8 possibile estendere leggermente questo sistema e alimentarlo direttamente nella stanza in cui si desidera aggiungere il sale secco. Il nebulizzatore di sale secco \u00e8 realizzato in acciaio inossidabile.<\/p>\n\t\t\t<\/div>\n\t\t<\/div>\n\t<\/div>\n\t\n<div class=\"video video-fit mb\" style=\"padding-top:56.25%;\"><p><iframe loading=\"lazy\" title=\"Trockensalznebel\" width=\"1020\" height=\"574\" src=\"https:\/\/www.youtube.com\/embed\/PX9ObRaBUaQ?feature=oembed\" frameborder=\"0\" allow=\"accelerometer; autoplay; clipboard-write; encrypted-media; gyroscope; picture-in-picture; web-share\" allowfullscreen><\/iframe><\/p>\n<\/div>\n<div class=\"video video-fit mb\" style=\"padding-top:56.25%;\"><p><iframe loading=\"lazy\" title=\"Halotherapie im Soleum\" width=\"1020\" height=\"574\" src=\"https:\/\/www.youtube.com\/embed\/59V_zcHW5zg?feature=oembed\" frameborder=\"0\" allow=\"accelerometer; autoplay; clipboard-write; encrypted-media; gyroscope; picture-in-picture; web-share\" allowfullscreen><\/iframe><\/p>\n<\/div>\n\t<div id=\"gap-2069838810\" class=\"gap-element clearfix\" style=\"display:block; height:auto;\">\n\t\t\n<style>\n#gap-2069838810 {\n  padding-top: 50px;\n}\n<\/style>\n\t<\/div>\n\t\n<h2>Inalazione di sale secco &#8211; spiegazione e contesto<\/h2>\n<p>\u00c8 un trattamento naturale basato sulla somministrazione per inalazione di cloruro di sodio micronizzato. \u00c8 praticamente un aerosol salato &#8220;secco&#8221;.<\/p>\n<p>In forma secca, il sale ha il <strong>pi\u00f9 forte effetto curativo sugli organi respiratori<\/strong> e sulla pelle. Particelle di sale microscopicamente sottili vengono soffiate nella stanza grazie a una tecnica brevettata. La dimensione delle particelle di sale \u00e8 simile a quella delle miniere di sale naturali: da 1 a 5 m\u00b5, quindi le particelle, che vengono inalate sotto forma di minuscoli cristalli, possono <strong>penetrare in profondit\u00e0 nei polmoni e raggiungere tutti i bronchi<\/strong>.<\/p>\n<p>L&#8217;inalazione del sale secco stimola il potere autopulente delle mucose. L&#8217;effetto \u00e8 antinfiammatorio, germicida, decongestionante e rilassa la muscolatura liscia delle vie respiratorie. La ventilazione e la respirazione sono migliorate. Anche l&#8217;intera superficie cutanea beneficia della terapia con i sali fini, riducendo in modo significativo le infiammazioni e il prurito della pelle.<\/p>\n<h2>Indicazioni e controindicazioni<\/h2>\n<p>L&#8217;haloterapia non \u00e8 adatta a tutti. Quando si inala il sale secco, si attiva la linfa, i polmoni lavorano pi\u00f9 intensamente, la circolazione sanguigna viene accelerata, arriva pi\u00f9 ossigeno al cervello, si possono attivare le membrane mucose e si attiva il sistema immunitario delle vie respiratorie.<\/p>\n<ul>\n<li>L&#8217;haloterapia nel SALZRAUM \u00e8 consigliata per<br \/> Asma<\/li>\n<li>Infiammazione e sovraccarico delle corde vocali<\/li>\n<li>Infiammazione della gola, dei seni paranasali e dei seni paranasali<\/li>\n<li>Bronchite cronica ostruttiva (non in fase terminale)<\/li>\n<li>rinite allergica<\/li>\n<li>Rinosinusopatia<\/li>\n<li>bronchite cronica non ostruttiva<\/li>\n<li>bronchite cronica ricorrente<\/li>\n<li>Fumatori<\/li>\n<li>Infezione virale acuta del tratto respiratorio superiore<\/li>\n<li>Bronchiectasie<\/li>\n<li>Fibrosi cistica (fibrosi cistica non in fase terminale)<\/li>\n<li>Rinite cronica e faringite<\/li>\n<li>Tonsillite (adenoidite)<\/li>\n<li>Sinusite cronica<\/li>\n<li>Sinusite acuta<\/li>\n<li>Neurodermite<\/li>\n<li>Psoriasi<\/li>\n<li>Emicrania<\/li>\n<li>Disturbi del sonno, stress, stanchezza<\/li>\n<\/ul>\n<p>L&#8217;haloterapia <strong>non \u00e8<\/strong> raccomandata per<\/p>\n<ul>\n<li>Forte ipertensione arteriosa<\/li>\n<li>Ricadute ed emorragie massive di qualsiasi tipo<\/li>\n<li>Malattie del sangue in fase acuta<\/li>\n<li>Fase acuta delle malattie respiratorie<\/li>\n<li>Insufficienza respiratoria cronica grave<\/li>\n<li>Tubercolosi attiva<\/li>\n<li>Disturbi mentali e tutti i tipi di tossicodipendenza<\/li>\n<li>Malattie maligne<\/li>\n<li>Gravidanza (esami insufficienti)<\/li>\n<li>Malattie interne nello scompenso<\/li>\n<li>Sputo di sangue<\/li>\n<li>Insufficienza cardiaca<\/li>\n<\/ul>\n<p>Chiedete al vostro medico o farmacista quali sono i vantaggi e gli svantaggi dell&#8217;haloterapia \/ inalazione di sale secco e se \u00e8 adatta a voi. Sul WEB sono disponibili studi e numerose informazioni sull&#8217;haloterapia.<\/p>\n<div class=\"row\"  id=\"row-909638452\">\n\n\t<div id=\"col-439527381\" class=\"col medium-6 small-12 large-6\"  >\n\t\t\t\t<div class=\"col-inner\"  >\n\t\t\t\n\t\t\t\n<h2>La terapia dell&#8217;aria salina nella SalzKRAFTwerk LINZ, in Alta Austria &#8211; <a href=\"https:\/\/www.salzkraftwerk.at\/die-etwas-andere-salzgrotte-in-linz\/\">una grotta di sale con una differenza<\/a>!<\/h2>\n<div class=\"wpb_text_column wpb_content_element \">\n<div class=\"wpb_wrapper\">\n<p>Visita il <a href=\"https:\/\/www.salzkraftwerk.at\/salzluft-in-oberoesterreich-ein-blick-auf-linz\/\" target=\"_blank\" rel=\"noopener\">SalzKRAFTwerk di LINZ<\/a> da novembre 2024 &#8211; SOLEUM ha prodotto a Linz le cabine per questa nuova offerta di inalazioni.<br \/>\nProva questa tecnologia di alta qualit\u00e0! <\/p>\n<p>Qui puoi trovare <a href=\"https:\/\/www.salzkraftwerk.at\/faq-zur-salzlufttherapie\/\" target=\"_blank\" rel=\"noopener\">domande e risposte sull&#8217;haloterapia e la terapia del sale a Linz<\/a>: <a href=\"https:\/\/www.salzkraftwerk.at\/faq-zur-salzlufttherapie\/\">Domande e risposte<\/a>.<\/p>\n<\/div>\n<\/div>\n\t\t<\/div>\n\t\t\t\t\t<\/div>\n\n\t\n\n\t<div id=\"col-969177019\" class=\"col medium-6 small-12 large-6\"  >\n\t\t\t\t<div class=\"col-inner\"  >\n\t\t\t\n\t\t\t\n\t<div class=\"img has-hover x md-x lg-x y md-y lg-y\" id=\"image_72996448\">\n\t\t<a class=\"\" href=\"https:\/\/www.salzkraftwerk.at\/\" target=\"_blank\" rel=\"noopener\" >\t\t\t\t\t\t<div class=\"img-inner dark\" >\n\t\t\t<img loading=\"lazy\" decoding=\"async\" width=\"500\" height=\"115\" src=\"https:\/\/www.soleum.de\/wp-content\/uploads\/2024\/02\/Salzkraftwerk-Salzlufttherapie.png\" class=\"attachment-large size-large\" alt=\"Salzkraftwerk-Salzlufttherapie\" \/>\t\t\t\t\t\t\n\t\t\t\t\t<\/div>\n\t\t\t\t\t\t<\/a>\t\t\n<style>\n#image_72996448 {\n  width: 100%;\n}\n<\/style>\n\t<\/div>\n\t\n\t\t<\/div>\n\t\t\t\t\t<\/div>\n\n\t\n<\/div>\n","protected":false},"excerpt":{"rendered":"<p>Alogenatore TS-MINI (sale piccole). Questo dispositivo \u00e8 utilizzato nelle nostre cabine climatiche marine \/ cabine di haloterapia.<\/p>\n","protected":false},"featured_media":32004,"template":"","meta":[],"product_brand":[],"product_cat":[6095],"product_tag":[6106,6107,6109,6151,6154,6155,6097,6103,6110,6108,3483,6105,6157,3486,6156,6153,6111,6152,3484],"class_list":{"0":"post-31997","1":"product","2":"type-product","3":"status-publish","4":"has-post-thumbnail","6":"product_cat-inalazione-di-sale-secco-per-haloterapia","7":"product_tag-allevia-i-problemi-polmonari","8":"product_tag-alleviare-i-problemi-di-asma","9":"product_tag-alogenatore","10":"product_tag-cabina-di-haloterapia","11":"product_tag-cabine-di-haloterapia","12":"product_tag-generatore-di-sale-secco","13":"product_tag-haloterapia-it","14":"product_tag-haloterapia-a-domicilio","15":"product_tag-haloterapia-soleum","16":"product_tag-inalatore-di-sale-secco","17":"product_tag-inalazione-di-sale","18":"product_tag-inalazione-di-sale-secco","19":"product_tag-lungo-covid","20":"product_tag-nebbia-salina","21":"product_tag-nebulizzatore-di-sale-secco","22":"product_tag-piccole-stanze-del-sale","23":"product_tag-produzione-di-salzaerosol","24":"product_tag-stanza-del-sale","25":"product_tag-tecnica-di-inalazione-del-sale","26":"product_shipping_class-paket-10-31kg-it","28":"first","29":"instock","30":"taxable","31":"shipping-taxable","32":"purchasable","33":"product-type-simple"},"_links":{"self":[{"href":"https:\/\/www.soleum.de\/it\/wp-json\/wp\/v2\/product\/31997","targetHints":{"allow":["GET"]}}],"collection":[{"href":"https:\/\/www.soleum.de\/it\/wp-json\/wp\/v2\/product"}],"about":[{"href":"https:\/\/www.soleum.de\/it\/wp-json\/wp\/v2\/types\/product"}],"wp:featuredmedia":[{"embeddable":true,"href":"https:\/\/www.soleum.de\/it\/wp-json\/wp\/v2\/media\/32004"}],"wp:attachment":[{"href":"https:\/\/www.soleum.de\/it\/wp-json\/wp\/v2\/media?parent=31997"}],"wp:term":[{"taxonomy":"product_brand","embeddable":true,"href":"https:\/\/www.soleum.de\/it\/wp-json\/wp\/v2\/product_brand?post=31997"},{"taxonomy":"product_cat","embeddable":true,"href":"https:\/\/www.soleum.de\/it\/wp-json\/wp\/v2\/product_cat?post=31997"},{"taxonomy":"product_tag","embeddable":true,"href":"https:\/\/www.soleum.de\/it\/wp-json\/wp\/v2\/product_tag?post=31997"}],"curies":[{"name":"wp","href":"https:\/\/api.w.org\/{rel}","templated":true}]}}

<p>Il nostro negozio vi offre una selezione innovativa di alogenatori progettati per aiutarvi a creare un ambiente rilassante e sano a casa o nella vostra spa. Un alogeneratore produce particelle finissime di SALE naturale che, disperse nell&#8217;aria, creano un&#8217;atmosfera salina benefica per la salute e il benessere.</p>
<h1>Alogenatore TS-MINI (sale piccole)</h1>
<p> La consegna comprende: generatore di aerosol a sale secco, sistema di pulizia, cavo di alimentazione, deflettore, tubo di prolunga, chiave di sistema, chiave di ricambio e software.</p>
<p>Questo dispositivo è utilizzato nelle nostre cabine climatiche marine / cabine di haloterapia.</p>
<h2>Touchscreen e smartphone per le impostazioni dei parametri</h2>
<p>È possibile effettuare le seguenti impostazioni: Consumo e dosaggio di sale, volume d&#8217;aria, ora di inizio e durata della terapia inalatoria.<br />  Lo schermo è retroilluminato e quindi facile da leggere anche al buio.</p>
<h3>Dati tecnici dell&#8217;alogeneratore TS-MINI</h3>
<p>Piccoli locali salati: l&#8217;apparecchio è progettato per il funzionamento continuo con aria secca in piccoli locali</p>
<p>Capacità del contenitore del sale: max. </p>
<p> 35g Basso consumo energetico: 18W (tensione di funzionamento 100-240VAC, 50-60Hz) Doppia modalità di funzionamento: touchscreen e telecomando Consumo di sale: 0-100g/h (regolabile) Dimensioni e peso: 225 x 395 x 218 mm; 8kg Durata dell&#8217;haloterapia: 10-99 min (regolabile con incrementi di 1 minuto) Memoria: 9 programmi (durata dell&#8217;inalazione e dosaggio del sale) Materiale: acciaio inox e plastica</p>
	<div class="box has-hover   has-hover box-text-bottom" >

		<div class="box-image" style="width:50%;">
						<div class="" >
				<img loading="lazy" decoding="async" width="524" height="559" src="https://www.soleum.de/wp-content/uploads/2024/02/Halogenerator-SOLEUM-TS-MINI-1-web.jpg" class="attachment- size-" alt="Alogenatore-SOLEUM-TS-MINI" srcset="https://www.soleum.de/wp-content/uploads/2024/02/Halogenerator-SOLEUM-TS-MINI-1-web.jpg 524w, https://www.soleum.de/wp-content/uploads/2024/02/Halogenerator-SOLEUM-TS-MINI-1-web-375x400.jpg 375w, https://www.soleum.de/wp-content/uploads/2024/02/Halogenerator-SOLEUM-TS-MINI-1-web-510x544.jpg 510w" sizes="auto, (max-width: 524px) 100vw, 524px" />											</div>
					</div>

		<div class="box-text text-center" >
			<div class="box-text-inner">
				
<h4>Parte posteriore del generatore alogeno / generatore di sale secco</h4>
<p>Un tubo del diametro di 80 mm si trova nella zona posteriore dell&#8217;alogeneratore. È possibile estendere leggermente questo sistema e alimentarlo direttamente nella stanza in cui si desidera aggiungere il sale secco. Il nebulizzatore di sale secco è realizzato in acciaio inossidabile.</p>
			</div>
		</div>
	</div>
	
<div class="video video-fit mb" style="padding-top:56.25%;"><p><iframe loading="lazy" title="Trockensalznebel" width="1020" height="574" src="https://www.youtube.com/embed/PX9ObRaBUaQ?feature=oembed" frameborder="0" allow="accelerometer; autoplay; clipboard-write; encrypted-media; gyroscope; picture-in-picture; web-share" allowfullscreen></iframe></p>
</div>
<div class="video video-fit mb" style="padding-top:56.25%;"><p><iframe loading="lazy" title="Halotherapie im Soleum" width="1020" height="574" src="https://www.youtube.com/embed/59V_zcHW5zg?feature=oembed" frameborder="0" allow="accelerometer; autoplay; clipboard-write; encrypted-media; gyroscope; picture-in-picture; web-share" allowfullscreen></iframe></p>
</div>
	<div id="gap-2069838810" class="gap-element clearfix" style="display:block; height:auto;">
		
<style>
#gap-2069838810 {
  padding-top: 50px;
}
</style>
	</div>
	
<h2>Inalazione di sale secco &#8211; spiegazione e contesto</h2>
<p>È un trattamento naturale basato sulla somministrazione per inalazione di cloruro di sodio micronizzato. È praticamente un aerosol salato &#8220;secco&#8221;.</p>
<p>In forma secca, il sale ha il <strong>più forte effetto curativo sugli organi respiratori</strong> e sulla pelle. Particelle di sale microscopicamente sottili vengono soffiate nella stanza grazie a una tecnica brevettata. La dimensione delle particelle di sale è simile a quella delle miniere di sale naturali: da 1 a 5 mµ, quindi le particelle, che vengono inalate sotto forma di minuscoli cristalli, possono <strong>penetrare in profondità nei polmoni e raggiungere tutti i bronchi</strong>.</p>
<p>L&#8217;inalazione del sale secco stimola il potere autopulente delle mucose. L&#8217;effetto è antinfiammatorio, germicida, decongestionante e rilassa la muscolatura liscia delle vie respiratorie. La ventilazione e la respirazione sono migliorate. Anche l&#8217;intera superficie cutanea beneficia della terapia con i sali fini, riducendo in modo significativo le infiammazioni e il prurito della pelle.</p>
<h2>Indicazioni e controindicazioni</h2>
<p>L&#8217;haloterapia non è adatta a tutti. Quando si inala il sale secco, si attiva la linfa, i polmoni lavorano più intensamente, la circolazione sanguigna viene accelerata, arriva più ossigeno al cervello, si possono attivare le membrane mucose e si attiva il sistema immunitario delle vie respiratorie.</p>
<ul>
<li>L&#8217;haloterapia nel SALZRAUM è consigliata per<br /> Asma</li>
<li>Infiammazione e sovraccarico delle corde vocali</li>
<li>Infiammazione della gola, dei seni paranasali e dei seni paranasali</li>
<li>Bronchite cronica ostruttiva (non in fase terminale)</li>
<li>rinite allergica</li>
<li>Rinosinusopatia</li>
<li>bronchite cronica non ostruttiva</li>
<li>bronchite cronica ricorrente</li>
<li>Fumatori</li>
<li>Infezione virale acuta del tratto respiratorio superiore</li>
<li>Bronchiectasie</li>
<li>Fibrosi cistica (fibrosi cistica non in fase terminale)</li>
<li>Rinite cronica e faringite</li>
<li>Tonsillite (adenoidite)</li>
<li>Sinusite cronica</li>
<li>Sinusite acuta</li>
<li>Neurodermite</li>
<li>Psoriasi</li>
<li>Emicrania</li>
<li>Disturbi del sonno, stress, stanchezza</li>
</ul>
<p>L&#8217;haloterapia <strong>non è</strong> raccomandata per</p>
<ul>
<li>Forte ipertensione arteriosa</li>
<li>Ricadute ed emorragie massive di qualsiasi tipo</li>
<li>Malattie del sangue in fase acuta</li>
<li>Fase acuta delle malattie respiratorie</li>
<li>Insufficienza respiratoria cronica grave</li>
<li>Tubercolosi attiva</li>
<li>Disturbi mentali e tutti i tipi di tossicodipendenza</li>
<li>Malattie maligne</li>
<li>Gravidanza (esami insufficienti)</li>
<li>Malattie interne nello scompenso</li>
<li>Sputo di sangue</li>
<li>Insufficienza cardiaca</li>
</ul>
<p>Chiedete al vostro medico o farmacista quali sono i vantaggi e gli svantaggi dell&#8217;haloterapia / inalazione di sale secco e se è adatta a voi. Sul WEB sono disponibili studi e numerose informazioni sull&#8217;haloterapia.</p>
<div class="row"  id="row-909638452">

	<div id="col-439527381" class="col medium-6 small-12 large-6"  >
				<div class="col-inner"  >
			
			
<h2>La terapia dell&#8217;aria salina nella SalzKRAFTwerk LINZ, in Alta Austria &#8211; <a href="https://www.salzkraftwerk.at/die-etwas-andere-salzgrotte-in-linz/">una grotta di sale con una differenza</a>!</h2>
<div class="wpb_text_column wpb_content_element ">
<div class="wpb_wrapper">
<p>Visita il <a href="https://www.salzkraftwerk.at/salzluft-in-oberoesterreich-ein-blick-auf-linz/" target="_blank" rel="noopener">SalzKRAFTwerk di LINZ</a> da novembre 2024 &#8211; SOLEUM ha prodotto a Linz le cabine per questa nuova offerta di inalazioni.<br />
Prova questa tecnologia di alta qualità! </p>
<p>Qui puoi trovare <a href="https://www.salzkraftwerk.at/faq-zur-salzlufttherapie/" target="_blank" rel="noopener">domande e risposte sull&#8217;haloterapia e la terapia del sale a Linz</a>: <a href="https://www.salzkraftwerk.at/faq-zur-salzlufttherapie/">Domande e risposte</a>.</p>
</div>
</div>
		</div>
					</div>

	

	<div id="col-969177019" class="col medium-6 small-12 large-6"  >
				<div class="col-inner"  >
			
			
	<div class="img has-hover x md-x lg-x y md-y lg-y" id="image_72996448">
		<a class="" href="https://www.salzkraftwerk.at/" target="_blank" rel="noopener" >						<div class="img-inner dark" >
			<img loading="lazy" decoding="async" width="500" height="115" src="https://www.soleum.de/wp-content/uploads/2024/02/Salzkraftwerk-Salzlufttherapie.png" class="attachment-large size-large" alt="Salzkraftwerk-Salzlufttherapie" />						
					</div>
						</a>		
<style>
#image_72996448 {
  width: 100%;
}
</style>
	</div>
	
		</div>
					</div>

	
</div>

<p>Alogenatore TS-MINI (sale piccole). Questo dispositivo è utilizzato nelle nostre cabine climatiche marine / cabine di haloterapia.</p>
